 d(b) = 3*b**2 - 67*b - 459. Calculate d(-6).
51
Let k(q) = 165*q - 3995. Give k(25).
130
Let f(j) = j**2 - 17*j - 3. Calculate f(8).
-75
Let g(k) = k**3 - 16*k**2 + 44*k + 8. What is g(13)?
73
Let v(f) = 16*f + 367. Calculate v(-24).
-17
Let n(a) = -a**2 + 15*a + 364. Give n(34).
-282
Let v(i) = i**3 - 18*i**2 - 13*i + 15. Determine v(17).
-495
Let f(j) = -j**3 - 14*j**2 + 9*j - 36. Determine f(-15).
54
Let y(l) = -3*l**2 - 581*l + 1753. What is y(3)?
-17
Let f(n) = n**2 + 67*n + 539. Calculate f(-56).
-77
Let z(t) = 62*t + 283. Give z(-7).
-151
Let k(a) = 2*a**2 + 44*a + 134. Determine k(-14).
-90
Let j(l) = 5*l**3 + 9*l**2 - 2*l + 3. Determine j(-2).
3
Let o(x) = -2873*x - 17224. What is o(-6)?
14
Let d(l) = -4*l**2 + 177*l - 516. Calculate d(41).
17
Let k(a) = -29*a - 1815. Determine k(-64).
41
Let b(u) = 2*u**2 + 234*u - 943. Calculate b(4).
25
Let r(v) = -129*v + 324. Give r(8).
-708
Let t(j) = -2521*j - 10095. What is t(-4)?
-11
Let b(g) = -3*g**3 - 34*g**2 - 13*g + 22. Give b(-11).
44
Let d(k) = 242*k - 38010. Determine d(157).
-16
Let f(j) = 15*j**2 - 4*j + 18. Calculate f(3).
141
Let u(f) = -2*f**3 + 8*f**2 + 156*f - 669. Calculate u(4).
-45
Let b(c) = -5*c**2 + 109*c + 2291. Give b(-13).
29
Let t(k) = -k**3 - 17*k**2 - 77*k - 30. What is t(-15)?
675
Let z(c) = -17*c**3 - 3*c**2 + 197*c + 403. Determine z(-2).
133
Let l(v) = 2*v**2 - 331*v + 6668. Give l(142).
-6
Let y(f) = -5*f - 504. Calculate y(-103).
11
Let t(s) = 3*s**2 - 169*s - 862. Calculate t(-5).
58
Let r(w) = -w**2 - 2740*w - 27309. What is r(-10)?
-9
Let b(j) = 3*j**3 + 37*j**2 + 46*j - 397. Give b(-9).
-1
Let a(s) = s**3 - 26*s**2 - 69*s + 628. Give a(28).
264
Let f(y) = 3*y**2 + 57*y + 90. What is f(-17)?
-12
Let g(y) = 414*y - 7439. Calculate g(18).
13
Let k(b) = 2*b**3 - 54*b**2 + 51*b + 11. Give k(26).
-15
Let i(k) = 11*k + 185. Determine i(-18).
-13
Let o(l) = -689*l**2 + 56*l - 49. What is o(1)?
-682
Let h(s) = s**2 - 196*s - 3194. Calculate h(-15).
-29
Let w(a) = -a**3 - 194*a**2 - 8*a - 1569. What is w(-194)?
-17
Let q(c) = 2144*c - 57874. Give q(27).
14
Let t(c) = c**3 - 8*c**2 - 1011*c + 8087. Calculate t(8).
-1
Let f(b) = 9*b**2 + 79*b + 31. Determine f(-10).
141
Let i(w) = 128*w - 5076. Give i(40).
44
Let n(v) = -4*v**2 + 7*v - 32. Calculate n(4).
-68
Let v(t) = -2*t**3 - 47*t**2 + 30*t + 128. Calculate v(-24).
-16
Let g(s) = -41*s**2 - 2*s. Calculate g(1).
-43
Let j(u) = 2*u**3 - 31*u**2 + 14*u + 10. Determine j(15).
-5
Let q(j) = -j**2 + 7*j + 417. Determine q(-17).
9
Let p(x) = x**3 + 58*x**2 - 16*x - 663. Determine p(-58).
265
Let h(a) = -15*a**2 + 48*a + 30. What is h(4)?
-18
Let f(c) = -c**3 - 33*c**2 - 102*c + 402. What is f(-29)?
-4
Let d(v) = -2*v**2 + 178*v - 307. What is d(87)?
41
Let p(g) = -153*g - 1554. What is p(-10)?
-24
Let y(g) = -37*g - 200. What is y(4)?
-348
Let d(r) = -r**2 + 20*r + 244. Determine d(25).
119
Let h(w) = 3*w**2 - 244*w + 309. Give h(80).
-11
Let f(j) = -4346*j + 17378. Determine f(4).
-6
Let h(y) = -12*y**2 + 47*y - 52. Determine h(2).
-6
Let k(x) = -x**3 - 24*x**2 - 112*x - 1030. Calculate k(-21).
-1
Let m(s) = -118*s - 1476. What is m(-13)?
58
Let y(i) = 1154*i + 6801. Determine y(-6).
-123
Let n(a) = -38*a**2 - 417*a + 21. Calculate n(-11).
10
Let q(u) = u**2 + 75*u - 1689. What is q(-94)?
97
Let i(s) = -s**2 + 122*s - 343. Calculate i(119).
14
Let x(l) = -l**3 + 48*l**2 + 719*l + 55. Determine x(60).
-5
Let c(n) = -n**2 - 40*n + 107. Calculate c(-41).
66
Let l(v) = 4*v**2 + 592*v + 21807. What is l(-69)?
3
Let t(c) = 2823*c - 16927. Give t(6).
11
Let q(c) = -20*c + 249. What is q(20)?
-151
Let k(q) = 14*q**3 - 4*q**2 + 8*q - 6. Give k(2).
106
Let c(o) = 43*o + 776. Determine c(-21).
-127
Let d(l) = 72*l + 3161. Determine d(-44).
-7
Let d(x) = -x**2 - 17*x + 27. Give d(-32).
-453
Let k(r) = -49*r + 123. What is k(2)?
25
Let z(l) = -l**3 - 26*l**2 + 39*l + 1020. Determine z(-26).
6
Let r(g) = -36*g**2 + 262*g + 172. Determine r(8).
-36
Let x(j) = -j**3 + 28*j**2 - 41*j + 2020. What is x(29)?
-10
Let g(s) = -s**3 + 69*s**2 - 137*s + 248. Give g(67).
47
Let q(w) = 55*w + 204. Give q(-16).
-676
Let b(l) = 212*l + 1490. Give b(-7).
6
Let y(v) = -155*v + 14. Determine y(3).
-451
Let g(f) = -495*f - 1483. Give g(-3).
2
Let y(n) = -2*n**3 + 19*n**2 - 23*n + 35. Determine y(9).
-91
Let n(p) = 102*p - 2312. Give n(22).
-68
Let z(d) = d**3 + 24*d**2 - 291*d + 515. What is z(7)?
-3
Let l(y) = -17*y + 275. Determine l(10).
105
Let i(c) = 10*c**3 + 2*c - 6. Give i(2).
78
Let m(g) = -307*g + 2784. What is m(9)?
21
Let n(x) = 225*x - 4496. Determine n(20).
4
Let c(j) = -j**2 - 39*j - 112. Calculate c(-37).
-38
Let w(h) = -h**3 - 15*h**2 + 32*h - 2. Give w(-18).
394
Let a(z) = 9012*z + 90118. Give a(-10).
-2
Let p(o) = o**2 + 26*o + 187. Determine p(-26).
187
Let q(p) = -3*p**3 - 8*p**2 - 56*p - 46. Calculate q(-5).
409
Let x(b) = b**3 + 197*b**2 + 749*b - 4443. Calculate x(-193).
-4
Let u(g) = g**3 + 40*g**2 + 41*g + 49. Determine u(-39).
-29
Let k(t) = -2*t**3 + 98*t**2 - 98*t + 60. Determine k(48).
-36
Let z(f) = -6*f**2 + 324*f - 626. Give z(52).
-2
Let w(g) = -g**3 - 17*g**2 - 8*g + 53. Give w(-11).
-585
Let r(z) = z**3 - 25*z**2 + 99*z - 71. What is r(20)?
-91
Let r(a) = 281*a + 9563. What is r(-34)?
9
Let v(m) = -24*m + 1405. Give v(59).
-11
Let p(f) = -f**2 + 14*f - 11. Calculate p(16).
-43
Let g(v) = 6*v + 524. Determine g(-89).
-10
Let h(q) = -2*q**2 - 494*q - 2909. What is h(-6)?
-17
Let r(g) = -g**2 + 109*g - 1103. What is r(98)?
-25
Let q(j) = -8*j - 98. Give q(-12).
-2
Let u(b) = b**3 - 2*b**2 + 52*b + 263. What is u(-4)?
-41
Let a(r) = -20*r - 381. Give a(-20).
19
Let c(i) = 6*i**3 - 34*i**2 + 53*i - 45. What is c(4)?
7
Let b(j) = 6*j**3 - 687*j**2 - 345*j - 15. Determine b(115).
-15
Let d(y) = 5*y**2 - 36*y + 134. Calculate d(8).
166
Let b(t) = 2*t**3 - 10*t**2 + 43*t - 67. Give b(2).
-5
Let n(a) = -12*a - 76. Calculate n(9).
-184
Let x(k) = k**3 + 37*k**2 - 845*k - 40. Determine x(16).
8
Let i(m) = 4*m + 311. Determine i(-75).
11
Let l(c) = c**3 - 26*c**2 - 86*c - 93. What is l(29)?
-64
Let k(i) = -42*i - 1630. What is k(-39)?
8
Let y(z) = -64*z - 19. Give y(2).
-147
Let i(v) = -2*v**3 - 22*v**2 + 46*v + 267. Give i(-12).
3
Let z(l) = 2*l**3 + 29*l**2 + 21*l + 70. Determine z(-14).
-28
Let k(g) = 413*g + 8668. Determine k(-21).
-5
Let n(a) = -a**3 - 43*a**2 + 4*a + 180. Determine n(-43).
8
Let d(f) = 14*f + 73. What is d(-5)?
3
Let l(s) = -s**2 + 8*s - 7. Calculate l(8).
-7
Let r(q) = -188*q + 1847. Calculate r(10).
-33
Let t(z) = -z**2 - 8*z - 28. What is t(-4)?
-12
Let y(a) = a**2 + 29*a + 54. What is y(-22)?
-100
Let x(q) = q**3 + 11*q**2 - 373*q - 4630. Calculate x(-13).
-119
Let h(v) = 10*v**3 - 2*v**2 - 3*v + 5. Give h(3).
248
Let c(q) = 58*q + 304. Calculate c(-8).
-160
Let m(n) = 7*n**2 + 5*n - 10. Give m(0).
-10
Let n(k) = 15*k - 123. Determine n(6).
-33
Let n(z) = 8*z + 29. What is n(3)?
53
Let s(m) = -4*m**2 - 213*m + 106. What is s(-54)?
-56
Let b(s) = 600*s**2 - 596*s - 3. Give b(1).
1
Let l(n) = 129*n**2 - 357*n - 80. Give l(3).
10
Let d(n) = n**3 - 31*n**2 + 235*n - 32. Determine d(19).
101
Let h(w) = 18*w**2 + 22*w - 18. Determine h(5).
542
Let y(t) = -t**2 - 5*t + 6. What is y(3)?
-18
Let w(p) = -3*p**3 + p**2 - 5*p - 3. Calculate w(-3).
102
Let g(k) = 7452*k - 22343. What is g(3)?
13
Let i(k) = k**2 + 16*k - 129. Determine i(6).
3
Let w(y) = -6*y**2 + 136*y - 659. Calculate w(5).
-129
Let l(m) = -176*m**2 + 10*m - 10. What is l(1)?
-176
Let l(y) = -6*y**2 - 106*y + 61. What is l(-18)?
25
Let d(p) = -22*p + 203. Calculate d(9).
5
Let o(q) = -q**3 + 45*q**2 - 23*q + 981. Calculate o(45).
-54
Let c(n) = -11*n**2 - 36*n - 11. Give c(-2).
17
Let w(h) = h**2 + 382*h - 1890. Calculate w(5).
45
Let z(d) = 5*d**3 + 47*d**2 - 27*d + 29. Calculate z(-10).
-1
Let b(x) = -13*x + 226. What is b(28)?
-138
Let f(y) = -y**3 + y**2 - 9. What is f(0)?
-9
Let b(d) = -207*d - 1459. Give b(-6).
-217
Let t(f) = 2*f**2 - 49*f - 307. Determine t(-5).
-12
Let p(i) = -3*i**2 + 135*i - 495. Calculate p(41).
-3
Let k(n) = 23*n + 2720. Determine k(-118).
6
Let a(y) = y**2 - 64*y + 189. What is a(58)?
-159
Let d(f) = 138*f - 1255. Give d(9).
-13
Let m(c) = -112*c - 670. Calculate m(-6).
2
Let o(g) = 7*g**2 - 165*g + 182. Give o